b + j = 237. Suppose -b = -15*i + 10*i. What is the tens digit of i?
4
Suppose 0 = 166*u - 5725801 - 5005601. What is the ten thousands digit of u?
6
Suppose 5*x + 3020 = 5*k, 1812 = -6*k + 9*k - 10*x. What is the tens digit of k?
0
Let i(j) = -5*j**3 - 24*j**2 - 76*j - 550. What is the units digit of i(-15)?
5
Suppose -10 = -54*o + 49*o. Suppose -2*z - 824 = -3*n, -4*n + 0*z - o*z = -1080. Suppose k - 2*k - h = -66, -2*h + n = 4*k. What is the tens digit of k?
7
Suppose -4*a + o + 540 = 0, -2*a - 29 = 3*o - 285. Let h(d) = -9*d - 165. Let c be h(-25). Let y = a - c. What is the tens digit of y?
7
Let g(p) = -113*p**3 + 29*p**2 + 92*p - 22. What is the hundreds digit of g(-6)?
8
Let z(s) = -8*s + 16. Let l be z(-6). Suppose 246 = -d + l. What is the units digit of 24/36 - d/6?
1
Let m(z) = 47*z**2 + 47*z - 30. What is the hundreds digit of m(-15)?
8
Let s(o) = -58*o - 8. Let a be s(-6). Suppose 234 = 9*p - 8*p + 3*c, 5*p - 1170 = -4*c. Let w = a - p. What is the units digit of w?
6
Let u = -224 - -223. Let y(z) = 517*z**2 + 6*z + 7. What is the units digit of y(u)?
8
What is the ten thousands digit of (50056/20)/(7 + -8 + 168/160)?
5
Suppose -144 = -4*t - 4*g, -2*t + 77 = -5*g + 2*g. Suppose t + 15 = a. Suppose a = n - 2*f - f, 0 = 5*n + 3*f - 188. What is the tens digit of n?
4
Suppose 4*d + 4*y + 13 = -11, -3*y = 3. What is the hundreds digit of 932 - (0 + -7 - d)?
9
Let l(w) = w**3 - 26*w**2 + 27*w - 22. Let k be l(25). What is the tens digit of (k/70)/(4/3720)?
7
Suppose 4 = -4*s + 16, 2*q + 4*s = -60. What is the units digit of (-10233)/q + 20/(-16)?
3
Suppose j - 3*x + 459 = -0*x, 4*j - 2*x = -1826. What is the hundreds digit of (j/(-20))/(6/90)?
3
Suppose -68*n = -71*n - 4*u + 9, -4*u - 33 = -3*n. Let m(i) = 24*i**2 - 26*i + 17. What is the thousands digit of m(n)?
1
Let h = -1283 - -144. Let b = -422 - h. What is the units digit of b?
7
Let s(d) = -8*d + 13. Let v be s(-11). Let c(j) = -j**3 - 5*j**2 - 8*j - 5. Let q be c(-5). Let a = v - q. What is the tens digit of a?
6
Let h(r) = -1799 - 14*r + 1864 + 2*r. What is the hundreds digit of h(-17)?
2
Let b be 1046/8*((0 - 4) + 8). Suppose -1624 = -3*z + t, 3*z + 2*t = 2162 - b. What is the hundreds digit of z?
5
Suppose 17*k - 82287 = -24*k. What is the thousands digit of k?
2
Let h(l) = 208*l + 58. Let v be h(7). Suppose 3*y = z + v, 3*y - 8*y + 2524 = -z. What is the units digit of y?
5
Let g = -14 - -16. Suppose 0*w = -2*w - 5*z + 30, g*z + 17 = 5*w. Suppose 269 = w*y - 151. What is the units digit of y?
4
Let s = -747 - -743. What is the hundreds digit of (1/s)/1 + (-3525)/(-4)?
8
Suppose 4 = 2*q - 6. Let b be (-2)/(-16) + 3/(-24). Suppose t + 0 - 8 = -q*i, -3*i = b. What is the units digit of t?
8
What is the thousands digit of (-8 - (-304)/40)*15*(-16000 + -1)?
6
Suppose -11*b - 32*b + 757437 = 18*b. What is the hundreds digit of b?
4
Let r = 4593 - -7187. What is the units digit of r?
0
Suppose 0 = 8*h - 34 - 38. Suppose -11 = -4*k + h. Suppose -203 = -k*u - 48. What is the tens digit of u?
3
Suppose 49*u = 577*u - 21918864. What is the hundreds digit of u?
5
What is the ten thousands digit of 65786/5 + -20*4/400?
1
Suppose 5*x = -j + 11149, -33*j + 38*j - 5*x = 55595. What is the units digit of j?
4
Suppose 0*q = -5*z + 3*q + 1, q = -4*z + 11. Suppose z*a = 3*k + 631, -a - k = 3*k - 321. What is the tens digit of a?
1
Suppose 0 = 2*s + 3*n - 21, -5*s + n = 4*n - 30. Let m(y) = 4*y + 9. Let b be m(s). Let z = b + 66. What is the units digit of z?
7
Suppose -g = -7*g - 0*g. Suppose g = -90*w + 94*w - 1224. What is the tens digit of w?
0
Suppose 8*t - 3*t = 2480. Let h = -329 + t. What is the units digit of h?
7
Let j = 10344 - 5213. What is the units digit of j?
1
Let r = 31 - 52. Let d = r + 41. Suppose -d = -5*f, 5*n = -2*f + f + 184. What is the units digit of n?
6
Let o(y) = 422*y**2 + 30*y + 1. Suppose 0 = -59*r + 59 + 59. What is the thousands digit of o(r)?
1
Suppose -7 = -5*o - 3*d - 39, -3*o + d - 8 = 0. Let h(s) = s + 10. What is the units digit of h(o)?
6
Let a be (104/39)/(4/6). Suppose -2*f = -4*o + f - 48, 0 = -o + a*f - 12. What is the units digit of (-43 + (1 - -1))/(4/o)?
3
Let a(p) = 14*p - 4 - 2 - 15*p. Let f be a(-19). Let u = 22 - f. What is the units digit of u?
9
Suppose 142282 + 406742 = 63*f - 677964. What is the units digit of f?
6
Suppose -2*b + w = 294, -2*w = -5*b - w - 738. Let c = 95 - b. What is the tens digit of c?
4
Let w = 647 - -5515. What is the hundreds digit of w?
1
Suppose 25*z - 12*z - 14*z + 1043 = 0. What is the thousands digit of z?
1
Let b = -49 + 54. Suppose 0 = -0*m - b*m + 1285. Let u = -179 + m. What is the units digit of u?
8
Let v be 7*((-332)/(-14) + 2). Suppose 132 = -n - 2*o, 3*o + 328 + v = -4*n. Let t = 172 + n. What is the units digit of t?
8
Let r(f) = f + 1. Let c(a) = -53*a - 18. Let o(z) = c(z) + 2*r(z). Let j be o(-5). Let v = j + -130. What is the tens digit of v?
0
Let m(c) = 1207*c**2 - 105*c + 282. What is the thousands digit of m(-7)?
0
Let k(p) = -3*p**2 - 2*p + 140. Suppose 5*i = -2*i + 4*i. What is the units digit of k(i)?
0
Suppose 12*j + 565 - 6541 = 4*j. What is the units digit of j?
7
Let f = 16284 - -8400. What is the hundreds digit of f?
6
Suppose -4*v = 4*f + 8, 0*f - 3*v - 4 = 2*f. Let c be f - (-14)/(-2 + 2 + 2). Suppose x - c = -4*x. What is the units digit of x?
1
Let h(t) = 5*t**3 - 33*t**2 + 124*t - 85. What is the hundreds digit of h(20)?
1
Suppose 3*f + 3*b = 54, 4*f - 3*b - 50 = -f. Suppose 0 = -4*l + 23 + 33. Suppose -f*u + l*u = 91. What is the tens digit of u?
9
Let i be 1632 - -1*(-1)/(-1)*1. Let n = i + -920. What is the tens digit of n?
1
Suppose -2*s - 4*s = -40512. What is the tens digit of s?
5
Suppose -k + a - 228 = 0, k - 5*k - 3*a = 926. Let b = k - -525. What is the hundreds digit of b?
2
Let p(d) = -67*d + 57. Let o(q) = -67*q + 56. Let c(f) = 6*o(f) - 5*p(f). Let l be c(-8). Suppose 172 = -5*x + l. What is the units digit of x?
3
Let l(b) = 14*b + 22. Let x(a) = -13*a - 22. Let o = -19 + 22. Let p(d) = o*l(d) + 4*x(d). What is the tens digit of p(-4)?
1
Suppose 0*w = 5*w - 4*m + 60, 4*w = 3*m - 48. Let p be (-498)/8 + (69/w - -6). What is the tens digit of p/(-4)*(6 + 0)?
9
What is the tens digit of 192*2 + (-1309)/(-119)?
9
Suppose 16*x + 1142 = -458. Let z = x - -107. What is the units digit of (-8)/(-6)*(2863/28 - z)?
7
Let x = -208 + 194. What is the tens digit of -135*-5*x/(-21)?
5
Let m be (-1 - 425)*2/4. Suppose 27*s - 3240 = 17*s. Let p = s + m. What is the tens digit of p?
1
Suppose -h = 1, -4*h + 5 - 198 = 3*g. What is the hundreds digit of (-5323)/(-7) - (-27)/g?
7
Let j(p) = 19*p + 262. Let r be j(-11). Let f = r - -1372. What is the tens digit of f?
2
Suppose -124*g = -105*g - 302594. What is the units digit of g?
6
Let i(r) = -r**2 - 2*r. Let t(v) = -4*v**2 + 30*v + 11. Let j(h) = -3*i(h) + t(h). What is the hundreds digit of j(28)?
2
Let f(m) = -m**3 + 16*m**2 + 42*m - 2. Suppose 2*o - 9 = -u, 5*u - o - o = 57. What is the thousands digit of f(u)?
1
Suppose 175*h - 178*h = -1902. Let z = h + -275. What is the tens digit of z?
5
Suppose 1323 = -7*p - 1155. Let j = 808 + p. What is the tens digit of j?
5
What is the units digit of (146/(-10))/(8 + (-17017)/2125)?
5
Suppose -10*h = 2591 + 619. Let q = -103 - h. What is the units digit of q?
8
Suppose -c + 20 = -5*a + 66, 53 = -c - 2*a. Let f = c + 54. What is the hundreds digit of (-1 - -2)/((f + -7)/(-460))?
1
Suppose -2*n = 2*p - 938, 2*n = -2*n - 3*p + 1873. Let h = 2155 + -1480. Let y = h - n. What is the hundreds digit of y?
2
Let q(g) = 14*g**3 + 13*g**2 + 21*g + 57. What is the hundreds digit of q(9)?
5
Let f(a) = -48*a**3 - a**2. Let d be f(-1). Suppose 0 = -12*t + 8*t + 864. Let u = t - d. What is the hundreds digit of u?
1
Suppose 6*f + 36 = 10*f. Suppose 5*k - f = 6*k - 3*g, -3 = -3*k + 3*g. Suppose -3*o + 730 = -2*h, -3*o - 3*h + k*h = -729. What is the hundreds digit of o?
2
Let h(a) = -a**3 + 7*a**2 - 21*a + 11. Let g be h(6). Let q = g - -37. What is the units digit of 96/10*(-945)/q?
6
Let y(k) = k**3 + 16*k**2 + 15*k + 3. Let i be y(-15). What is the hundreds digit of (-1 - (i - 1))*(-291 - 2)?
8
Let s = -35 - -39. Suppose -s*d + 6 = 18. What is the units digit of 7/(42/100) + (-1)/d?
7
Let f = -9 +